{"id":36,"date":"2022-02-07T14:52:10","date_gmt":"2022-02-07T13:52:10","guid":{"rendered":"http:\/\/sophro-praticien.fr\/?page_id=36"},"modified":"2025-06-24T15:29:45","modified_gmt":"2025-06-24T13:29:45","slug":"qui-suis-je","status":"publish","type":"page","link":"http:\/\/sophro-praticien.fr\/index.php\/qui-suis-je\/","title":{"rendered":"Qui suis-je?"},"content":{"rendered":"\n<h3>Mon parcours<\/h3>\n\n\n<div class=\"wp-block-image is-style-rounded\">\n<figure class=\"alignleft size-medium\"><img decoding=\"async\" loading=\"lazy\" width=\"225\" height=\"300\" src=\"http:\/\/sophro-praticien.fr\/wp-content\/uploads\/2025\/06\/PXL_20250204_0841474282-bis-225x300.jpg\" alt=\"\" class=\"wp-image-5378\" srcset=\"http:\/\/sophro-praticien.fr\/wp-content\/uploads\/2025\/06\/PXL_20250204_0841474282-bis-225x300.jpg 225w, http:\/\/sophro-praticien.fr\/wp-content\/uploads\/2025\/06\/PXL_20250204_0841474282-bis-768x1024.jpg 768w, http:\/\/sophro-praticien.fr\/wp-content\/uploads\/2025\/06\/PXL_20250204_0841474282-bis-1152x1536.jpg 1152w, http:\/\/sophro-praticien.fr\/wp-content\/uploads\/2025\/06\/PXL_20250204_0841474282-bis-1536x2048.jpg 1536w, http:\/\/sophro-praticien.fr\/wp-content\/uploads\/2025\/06\/PXL_20250204_0841474282-bis-scaled.jpg 1920w\" sizes=\"(max-width: 225px) 100vw, 225px\" \/><figcaption class=\"wp-element-caption\"><font _mstmutation=\"1\"><\/font><\/figcaption><\/figure><\/div>\n\n<p><em><strong>\u00c9COUTER, CONSEILLER, AIDER<\/strong><\/em>&#8230; J\u2019ai exerc\u00e9 le m\u00e9tier de Pr\u00e9paratrice en Pharmacie durant de nombreuses ann\u00e9es dans une officine de village. J\u2019aimais particuli\u00e8rement \u00eatre \u00e0 l\u2019\u00e9coute des patients, confiants parfois m\u00eame confidents, pour les conseiller le plus justement possible. A mesure des ann\u00e9es, j\u2019apportais un int\u00e9r\u00eat de plus en plus fort \u00e0 leurs ressentis, au del\u00e0 de leurs besoins m\u00e9dicaux. J\u2019ai donc d\u00e9cid\u00e9 de m\u2019int\u00e9resser aux bienfaits des m\u00e9decines douces et des th\u00e9rapies alternatives en compl\u00e9ment de ceux du domaine m\u00e9dical.<\/p>\n<p><em><strong> VIVRE DIFF\u00c9REMMENT..<\/strong><\/em> <em>.<\/em> j\u2019ai d\u00e9couvert la sophrologie pendant mes grossesses. La pratique de cette science m\u2019a r\u00e9ellement permis de vivre ces p\u00e9riodes intenses de mani\u00e8re plus harmonieuse. Ayant poursuivi sa pratique bien au-del\u00e0 de l\u2019accouchement, j\u2019ai alors pu l\u2019int\u00e9grer dans mon quotidien et en d\u00e9couvrir progressivement tous ses b\u00e9n\u00e9fices.<\/p>\n<p>Enthousiaste, convaincue, et confort\u00e9e par les bienfaits reconnus et av\u00e9r\u00e9s de la Sophrologie, j\u2019ai alors d\u00e9cid\u00e9 d\u2019engager ma reconversion et devenir\u00a0<strong>Sophrologue<\/strong>. Aujourd\u2019hui cette pratique, que j\u2019exerce avec passion, est devenue une v\u00e9ritable philosophie de vie.<\/p>\n<p><span class=\"OYPEnA text-decoration-none text-strikethrough-none\">En compl\u00e9ment, je me suis form\u00e9e et pratique aujourd\u2019hui l\u2019aromath\u00e9rapie ainsi que les soins \u00e9nerg\u00e9tiques \u00e0 l\u2019aide du Reiki et des bols Tib\u00e9tains. J\u2019utilise lors de mes s\u00e9ances ces diff\u00e9rentes techniques pour soulager le corps de toutes ses tensions, ses blocages ponctuels ou chroniques et ainsi apaiser l\u2019esprit pour le rendre plus serein.<\/span><\/p>\n<p>\u00a0<\/p>\n<div class=\"wp-block-columns\">\n<h2><strong>Mes formations:<\/strong><\/h2>\n<\/div>\n<div class=\"wp-block-columns\">\n<div class=\"wp-block-column\" style=\"flex-basis: 66.66%;\">\n<p><!-- \/wp:list-item --><\/p>\n<p><!-- \/wp:list --><\/p>\n<p><!-- wp:freeform --><\/p>\n<p><strong>Sophrologie:<\/strong> Formation professionnelle de 2 ans \u00e0 l\u2019IPEES, Institut de Psychoth\u00e9rapie et d\u2019Enseignement en Sophrologie de Lyon, reconnue <strong>RNCP<\/strong> (<a href=\"http:\/\/www.sophrologie-formation-ipees.com\/\">lien vers IPEES).<\/a><\/p>\n<p>Membre de la Chambre<strong> Syndicale de la Sophrologie <\/strong>(<a href=\"https:\/\/www.chambre-syndicale-sophrologie.fr\/\">lien vers Chambre<\/a>).<\/p>\n<p><strong>Aromath\u00e9rapie:<\/strong> Formation suivie \u00e0 l\u2019Ecole Lyonnaise de Plantes M\u00e9dicinales &amp; des Savoirs Naturels (ELPM) \u00e0 Dardilly.<\/p>\n<p><strong>Reiki Niv.3 :<\/strong> Formation \u00e0 la m\u00e9thode de soins naturels du syst\u00e8me Usui Reiki Ryoho Ho du Sense\u00ee Mikao Usui, suivie \u00e0 St Chamond<\/p>\n<p><strong>Bols chantants:<\/strong> Formation aux techniques \u00e9nerg\u00e9tiques avec le bol hantant initi\u00e9 par Maud Morin<\/p>\n<p><!-- \/wp:freeform --><\/p>\n<\/div>\n<p><!-- \/wp:column --><\/p>\n<p><!-- wp:column {\"width\":\"33.33%\"} --><\/p>\n<div class=\"wp-block-column\" style=\"flex-basis: 33.33%;\"><!-- wp:columns {\"verticalAlignment\":null} -->\n<p>\u00a0<\/p>\n<div class=\"wp-block-columns\"><!-- wp:column {\"verticalAlignment\":\"bottom\"} -->\n<div class=\"wp-block-column is-vertically-aligned-bottom\">\n<p>\u00a0<\/p>\n<figure class=\"wp-block-image size-full is-resized\"><img decoding=\"async\" loading=\"lazy\" class=\"wp-image-82 alignright\" src=\"http:\/\/sophro-praticien.fr\/wp-content\/uploads\/2022\/02\/logo-ipees.jpg\" alt=\"\" width=\"76\" height=\"78\" \/>\n<p>\u00a0<\/p>\n<figcaption class=\"wp-element-caption\"><\/figcaption>\n<\/figure>\n<p><!-- \/wp:image --><\/p>\n<\/div>\n<p><!-- \/wp:column --><\/p>\n<p><!-- wp:column --><\/p>\n<div class=\"wp-block-column\"><!-- wp:image {\"id\":83,\"width\":89,\"height\":84,\"sizeSlug\":\"full\",\"linkDestination\":\"none\"} -->\n<p>\u00a0<\/p>\n<figure class=\"wp-block-image size-full is-resized\"><img decoding=\"async\" loading=\"lazy\" class=\"alignleft wp-image-83\" src=\"http:\/\/sophro-praticien.fr\/wp-content\/uploads\/2022\/02\/logo-cssophro.jpg\" alt=\"\" width=\"55\" height=\"52\" \/>\n<p>\u00a0<\/p>\n<figcaption class=\"wp-element-caption\"><\/figcaption>\n<\/figure>\n<p><!-- \/wp:image --><\/p>\n<\/div>\n<p><!-- \/wp:column --><\/p>\n<p><!-- wp:column --><\/p>\n<div class=\"wp-block-column\"><!-- wp:image {\"id\":364,\"width\":98,\"height\":98,\"sizeSlug\":\"full\",\"linkDestination\":\"none\"} -->\n<p>\u00a0<\/p>\n<figure class=\"wp-block-image size-full is-resized\"><img decoding=\"async\" loading=\"lazy\" class=\"wp-image-364 aligncenter\" src=\"http:\/\/sophro-praticien.fr\/wp-content\/uploads\/2023\/03\/271441751_4732003240247459_2453436573700840375_n-e1678460482467.png\" alt=\"\" width=\"66\" height=\"66\" \/><img decoding=\"async\" loading=\"lazy\" class=\"wp-image-5214 aligncenter\" src=\"http:\/\/sophro-praticien.fr\/wp-content\/uploads\/2023\/10\/OIP-150x150.jpg\" alt=\"\" width=\"55\" height=\"55\" srcset=\"http:\/\/sophro-praticien.fr\/wp-content\/uploads\/2023\/10\/OIP-150x150.jpg 150w, http:\/\/sophro-praticien.fr\/wp-content\/uploads\/2023\/10\/OIP-300x300.jpg 300w, http:\/\/sophro-praticien.fr\/wp-content\/uploads\/2023\/10\/OIP.jpg 450w\" sizes=\"(max-width: 55px) 100vw, 55px\" \/>\n<p>\u00a0<\/p>\n<figcaption class=\"wp-element-caption\"><\/figcaption>\n<\/figure>\n<p><!-- \/wp:image --><\/p>\n<\/div>\n<p><!-- \/wp:column --><\/p>\n<\/div>\n<p><!-- \/wp:columns --><\/p>\n<\/div>\n<p><!-- \/wp:column --><\/p>\n<\/div>\n<p><!-- \/wp:columns --><\/p>\n<p><!-- wp:columns --><\/p>\n<div class=\"wp-block-columns\">\u00a0<\/div>\n<p><!-- \/wp:columns --><\/p>","protected":false},"excerpt":{"rendered":"<p>Mon parcours \u00c9COUTER, CONSEILLER, AIDER&#8230; J\u2019ai exerc\u00e9 le m\u00e9tier de Pr\u00e9paratrice en Pharmacie durant de nombreuses ann\u00e9es dans une officine de village. J\u2019aimais particuli\u00e8rement \u00eatre \u00e0 l\u2019\u00e9coute des patients, confiants parfois m\u00eame confidents, pour les conseiller le plus justement possible. A mesure des ann\u00e9es, j\u2019apportais un int\u00e9r\u00eat de plus en plus fort \u00e0 leurs ressentis, <a class=\"read-more\" href=\"http:\/\/sophro-praticien.fr\/index.php\/qui-suis-je\/\">READ MORE<\/a><\/p>\n","protected":false},"author":1,"featured_media":0,"parent":0,"menu_order":0,"comment_status":"closed","ping_status":"closed","template":"","meta":[],"_links":{"self":[{"href":"http:\/\/sophro-praticien.fr\/index.php\/wp-json\/wp\/v2\/pages\/36"}],"collection":[{"href":"http:\/\/sophro-praticien.fr\/index.php\/wp-json\/wp\/v2\/pages"}],"about":[{"href":"http:\/\/sophro-praticien.fr\/index.php\/wp-json\/wp\/v2\/types\/page"}],"author":[{"embeddable":true,"href":"http:\/\/sophro-praticien.fr\/index.php\/wp-json\/wp\/v2\/users\/1"}],"replies":[{"embeddable":true,"href":"http:\/\/sophro-praticien.fr\/index.php\/wp-json\/wp\/v2\/comments?post=36"}],"version-history":[{"count":46,"href":"http:\/\/sophro-praticien.fr\/index.php\/wp-json\/wp\/v2\/pages\/36\/revisions"}],"predecessor-version":[{"id":5384,"href":"http:\/\/sophro-praticien.fr\/index.php\/wp-json\/wp\/v2\/pages\/36\/revisions\/5384"}],"wp:attachment":[{"href":"http:\/\/sophro-praticien.fr\/index.php\/wp-json\/wp\/v2\/media?parent=36"}],"curies":[{"name":"wp","href":"https:\/\/api.w.org\/{rel}","templated":true}]}}

<h3>Mon parcours</h3>


<div class="wp-block-image is-style-rounded">
<figure class="alignleft size-medium"><img decoding="async" loading="lazy" width="225" height="300" src="http://sophro-praticien.fr/wp-content/uploads/2025/06/PXL_20250204_0841474282-bis-225x300.jpg" alt="" class="wp-image-5378" srcset="http://sophro-praticien.fr/wp-content/uploads/2025/06/PXL_20250204_0841474282-bis-225x300.jpg 225w, http://sophro-praticien.fr/wp-content/uploads/2025/06/PXL_20250204_0841474282-bis-768x1024.jpg 768w, http://sophro-praticien.fr/wp-content/uploads/2025/06/PXL_20250204_0841474282-bis-1152x1536.jpg 1152w, http://sophro-praticien.fr/wp-content/uploads/2025/06/PXL_20250204_0841474282-bis-1536x2048.jpg 1536w, http://sophro-praticien.fr/wp-content/uploads/2025/06/PXL_20250204_0841474282-bis-scaled.jpg 1920w" sizes="(max-width: 225px) 100vw, 225px" /><figcaption class="wp-element-caption"><font _mstmutation="1"></font></figcaption></figure></div>

<p><em><strong>ÉCOUTER, CONSEILLER, AIDER</strong></em>&#8230; J’ai exercé le métier de Préparatrice en Pharmacie durant de nombreuses années dans une officine de village. J’aimais particulièrement être à l’écoute des patients, confiants parfois même confidents, pour les conseiller le plus justement possible. A mesure des années, j’apportais un intérêt de plus en plus fort à leurs ressentis, au delà de leurs besoins médicaux. J’ai donc décidé de m’intéresser aux bienfaits des médecines douces et des thérapies alternatives en complément de ceux du domaine médical.</p>
<p><em><strong> VIVRE DIFFÉREMMENT..</strong></em> <em>.</em> j’ai découvert la sophrologie pendant mes grossesses. La pratique de cette science m’a réellement permis de vivre ces périodes intenses de manière plus harmonieuse. Ayant poursuivi sa pratique bien au-delà de l’accouchement, j’ai alors pu l’intégrer dans mon quotidien et en découvrir progressivement tous ses bénéfices.</p>
<p>Enthousiaste, convaincue, et confortée par les bienfaits reconnus et avérés de la Sophrologie, j’ai alors décidé d’engager ma reconversion et devenir <strong>Sophrologue</strong>. Aujourd’hui cette pratique, que j’exerce avec passion, est devenue une véritable philosophie de vie.</p>
<p><span class="OYPEnA text-decoration-none text-strikethrough-none">En complément, je me suis formée et pratique aujourd’hui l’aromathérapie ainsi que les soins énergétiques à l’aide du Reiki et des bols Tibétains. J’utilise lors de mes séances ces différentes techniques pour soulager le corps de toutes ses tensions, ses blocages ponctuels ou chroniques et ainsi apaiser l’esprit pour le rendre plus serein.</span></p>
<p> </p>
<div class="wp-block-columns">
<h2><strong>Mes formations:</strong></h2>
</div>
<div class="wp-block-columns">
<div class="wp-block-column" style="flex-basis: 66.66%;">
<p><!-- /wp:list-item --></p>
<p><!-- /wp:list --></p>
<p><!-- wp:freeform --></p>
<p><strong>Sophrologie:</strong> Formation professionnelle de 2 ans à l’IPEES, Institut de Psychothérapie et d’Enseignement en Sophrologie de Lyon, reconnue <strong>RNCP</strong> (<a href="http://www.sophrologie-formation-ipees.com/">lien vers IPEES).</a></p>
<p>Membre de la Chambre<strong> Syndicale de la Sophrologie </strong>(<a href="https://www.chambre-syndicale-sophrologie.fr/">lien vers Chambre</a>).</p>
<p><strong>Aromathérapie:</strong> Formation suivie à l’Ecole Lyonnaise de Plantes Médicinales &amp; des Savoirs Naturels (ELPM) à Dardilly.</p>
<p><strong>Reiki Niv.3 :</strong> Formation à la méthode de soins naturels du système Usui Reiki Ryoho Ho du Senseî Mikao Usui, suivie à St Chamond</p>
<p><strong>Bols chantants:</strong> Formation aux techniques énergétiques avec le bol hantant initié par Maud Morin</p>
<p><!-- /wp:freeform --></p>
</div>
<p><!-- /wp:column --></p>
<p><!-- wp:column {"width":"33.33%"} --></p>
<div class="wp-block-column" style="flex-basis: 33.33%;"><!-- wp:columns {"verticalAlignment":null} -->
<p> </p>
<div class="wp-block-columns"><!-- wp:column {"verticalAlignment":"bottom"} -->
<div class="wp-block-column is-vertically-aligned-bottom">
<p> </p>
<figure class="wp-block-image size-full is-resized"><img decoding="async" loading="lazy" class="wp-image-82 alignright" src="http://sophro-praticien.fr/wp-content/uploads/2022/02/logo-ipees.jpg" alt="" width="76" height="78" />
<p> </p>
<figcaption class="wp-element-caption"></figcaption>
</figure>
<p><!-- /wp:image --></p>
</div>
<p><!-- /wp:column --></p>
<p><!-- wp:column --></p>
<div class="wp-block-column"><!-- wp:image {"id":83,"width":89,"height":84,"sizeSlug":"full","linkDestination":"none"} -->
<p> </p>
<figure class="wp-block-image size-full is-resized"><img decoding="async" loading="lazy" class="alignleft wp-image-83" src="http://sophro-praticien.fr/wp-content/uploads/2022/02/logo-cssophro.jpg" alt="" width="55" height="52" />
<p> </p>
<figcaption class="wp-element-caption"></figcaption>
</figure>
<p><!-- /wp:image --></p>
</div>
<p><!-- /wp:column --></p>
<p><!-- wp:column --></p>
<div class="wp-block-column"><!-- wp:image {"id":364,"width":98,"height":98,"sizeSlug":"full","linkDestination":"none"} -->
<p> </p>
<figure class="wp-block-image size-full is-resized"><img decoding="async" loading="lazy" class="wp-image-364 aligncenter" src="http://sophro-praticien.fr/wp-content/uploads/2023/03/271441751_4732003240247459_2453436573700840375_n-e1678460482467.png" alt="" width="66" height="66" /><img decoding="async" loading="lazy" class="wp-image-5214 aligncenter" src="http://sophro-praticien.fr/wp-content/uploads/2023/10/OIP-150x150.jpg" alt="" width="55" height="55" srcset="http://sophro-praticien.fr/wp-content/uploads/2023/10/OIP-150x150.jpg 150w, http://sophro-praticien.fr/wp-content/uploads/2023/10/OIP-300x300.jpg 300w, http://sophro-praticien.fr/wp-content/uploads/2023/10/OIP.jpg 450w" sizes="(max-width: 55px) 100vw, 55px" />
<p> </p>
<figcaption class="wp-element-caption"></figcaption>
</figure>
<p><!-- /wp:image --></p>
</div>
<p><!-- /wp:column --></p>
</div>
<p><!-- /wp:columns --></p>
</div>
<p><!-- /wp:column --></p>
</div>
<p><!-- /wp:columns --></p>
<p><!-- wp:columns --></p>
<div class="wp-block-columns"> </div>
<p><!-- /wp:columns --></p>

<p>Mon parcours ÉCOUTER, CONSEILLER, AIDER&#8230; J’ai exercé le métier de Préparatrice en Pharmacie durant de nombreuses années dans une officine de village. J’aimais particulièrement être à l’écoute des patients, confiants parfois même confidents, pour les conseiller le plus justement possible. A mesure des années, j’apportais un intérêt de plus en plus fort à leurs ressentis, <a class="read-more" href="http://sophro-praticien.fr/index.php/qui-suis-je/">READ MORE</a></p>
